o - 15 = 5*u + 3*o. Let d be 30/(-7) + 30/105. Let b = d - u. What is the units digit of b?
1
Let h = -11 - -5. Let s = h + 22. What is the tens digit of s?
1
Let g be (2 - 0)/(2/3). Suppose -2*f + 5 = g. What is the units digit of f?
1
Suppose 2*q = -2*x - 2, -q + 4*q = -4*x - 2. Let f = 4 + q. Suppose 2 = -f*w, 5*p - 50 = w + 4*w. What is the units digit of p?
9
Suppose 0*b + 3*b = -9, 4*o - 3*b - 465 = 0. What is the tens digit of o?
1
Let q(l) be the third derivative of -l**5/60 - l**4/24 + 4*l**3/3 - 6*l**2. What is the units digit of q(0)?
8
Let m = -5 - -7. Suppose 2*a = l - 10, 19 = 2*l + m*a - 5*a. Suppose 0 = 3*q + 5*t + l - 3, -t = -q + 9. What is the units digit of q?
5
Let p = 188 - -8. What is the hundreds digit of p?
1
Suppose 5*v = -4*o + 180, 4*o = 4*v + o - 113. What is the tens digit of v?
3
Let x(a) = -8*a + 4. Let j be x(-7). Let u = j - 13. What is the units digit of u?
7
Suppose -183 = 5*i - 53. Let d = i + 42. What is the tens digit of d?
1
Suppose 10*q = -q + 1507. What is the units digit of q?
7
Suppose -r - 1 - 1 = -2*j, -5*j + r + 8 = 0. Let l = -40 + 42. Suppose l*m = -z + 13, m + 0*m + j*z + 1 = 0. What is the units digit of m?
9
What is the units digit of (-2220)/(-48) - 2/8?
6
Let b = 0 + 0. Suppose 4*a + 2*u - 50 = b, -7 = -2*a - 3*u + 20. What is the tens digit of a?
1
Let s(h) = -h**3 + 7*h**2 - 3*h + 9. What is the units digit of s(5)?
4
Suppose -5*h + 17 + 28 = 0. What is the units digit of h?
9
Suppose -x = 3*x + 16. Let k = 2 - x. What is the units digit of k?
6
Suppose -l + 48 = -m, m = 4*l - 0*m - 198. What is the tens digit of l?
5
Let h = 10 + 28. What is the tens digit of h?
3
What is the units digit of -1 - 78/(-14) - 6/(-14)?
5
Let z(h) = -h**2 - 3*h - 2. Let a(q) = -q**2 + 10*q - 12. Let p be a(9). Let w be z(p). What is the units digit of 5 - (w + 4) - -10?
3
Let h(t) = t**2 + 9*t - 12. Let d be h(-10). What is the units digit of (-196)/8*d + -1?
8
Let l(o) = -o**2 - 12*o - 10. Let d be l(-11). What is the units digit of ((-5)/(-5))/(d/41)?
1
Suppose -13*r + 336 = -1744. What is the tens digit of r?
6
Let b(n) = 35*n**2 - 4*n - 3. What is the units digit of b(-1)?
6
Let a = 18 - 13. Suppose h + 2 = -4*l, a*h - l = 3*h + 5. What is the units digit of h?
2
Let x(q) = 3*q - 1. Let h be x(-3). Let o = -5 - h. What is the units digit of (o/(-15))/((-2)/66)?
1
Let z(c) = c**2 - c - 2. Let u(w) = -w - 1. Let s be u(1). Let y be z(s). Let h = y + 5. What is the units digit of h?
9
Suppose 0 = 2*l - 3*l - 5, -5*m + 5*l = -105. Suppose 2*i - 24 = -3*a, 2*i + 1 = -a + 9. Suppose -4*n - a = 2*b, 4*b - m = -b - n. What is the units digit of b?
4
Let i = 137 + -77. What is the units digit of i?
0
Let t = 15 - 11. Let h(k) = k**3 + 2*k**2 + 2*k + 1. Let s be h(-1). Suppose s = -4*r - 4*v + 24, -8 = -r - t*v + 7. What is the units digit of r?
3
Suppose -12 = -4*i + i. What is the units digit of i?
4
Let x(t) be the first derivative of t**3/3 - 2*t**2 - t - 3. What is the units digit of x(5)?
4
Let f be 2*(-2)/(4/(-29)). Suppose 0 = 3*q - 5*j - 48, -7*q - j = -3*q - 64. Suppose q = 5*i - f. What is the units digit of i?
9
Let c be (0 + 1/2)*0. Let o be (-2)/(-6) + (-116)/(-12). Suppose -o = 5*a, 2*a + c*a = 2*v - 12. What is the units digit of v?
4
Let w(s) = -s**2 + 17*s - 13. What is the units digit of w(15)?
7
Let l = 9 - 14. Let p(v) = -6*v - 9. What is the units digit of p(l)?
1
Let a be (-2)/(-5)*(-11 - 4). Let x(t) = 5*t**2 + 0 - 6 + 4*t**3 - 8*t - 3*t**3. What is the units digit of x(a)?
6
Suppose -5*h + 4*y - 25 = 0, -2*h - 16 = 2*h - 4*y. Let s(c) be the first derivative of -c**2/2 - c + 1. What is the units digit of s(h)?
8
Let t = 453 - 300. What is the units digit of t?
3
Suppose -28 = -2*m + 162. What is the tens digit of m?
9
Suppose 4*c - 808 = c + 5*m, 3*m = c - 264. What is the tens digit of c?
7
Suppose 11*r - 8*r = 207. What is the tens digit of r?
6
Let p(z) = -7*z**3 - 2*z**2 + 1. Let x be p(-1). Let v be -4 + x - (-2 - -2). Suppose q + 4*u - 4 - 27 = 0, -2*q + 12 = -v*u. What is the tens digit of q?
1
Let a = 1 - -3. Let n(p) = -4 - 2*p**2 + 5*p**2 + p - p**3 + 2*p**2. What is the units digit of n(a)?
6
Suppose 0 = 2*p + 3*a - 2, 2*p + a - 8 + 2 = 0. Suppose 20 = w + p*w. What is the units digit of w?
4
Let b = 100 - 63. What is the tens digit of b?
3
Let k = -8 + 8. Suppose k = -u + 4*q - q + 33, 5*q + 29 = u. Suppose -5*w + 11 = -u. What is the tens digit of w?
1
Let n(z) = z**3 + z**2 + 3. Let q be n(0). Suppose q*v + 132 = 4*u + 8*v, -4*v = 5*u - 156. What is the units digit of u?
8
Suppose -2*c + 0 = -4. Suppose -c*o + 8 = 4. Suppose o = -r + 3. What is the units digit of r?
1
Suppose 0 = b - 3*b - 48. Let a be ((-5)/(15/b))/1. Suppose -3*s + a = -s. What is the units digit of s?
4
Suppose -k = -41 - 178. What is the tens digit of k?
1
Suppose 6 = p + 2. Let n be 10/p - (-2)/4. Suppose 5*i + a = -2 + 8, n*i - 2*a - 1 = 0. What is the units digit of i?
1
Suppose 25 = d - 17. What is the units digit of d?
2
Let r be (-1)/3 + (-26)/(-6). Suppose c - r*p = -0*p - 10, 0 = -4*c - 3*p + 17. Suppose 8 = l - c*t - 3*t, 0 = 2*t - 2. What is the units digit of l?
3
Suppose 6*d + 553 = 4*l + d, 0 = -l - 5*d + 132. What is the tens digit of l?
3
Suppose 2*o = -0 + 6. Suppose 16 = -o*r - 4*k, 3*k = -4*r + k - 18. Let p = r - -6. What is the units digit of p?
2
Suppose -2*i + 2*l + 262 = -0*i, 4*i - 554 = -2*l. What is the hundreds digit of i?
1
Let v = 1 - -5. Let n(q) = 15*q**3 - 29*q**2 + 5*q - 13. Let f(m) = 7*m**3 - 14*m**2 + 3*m - 6. Let k(p) = v*n(p) - 13*f(p). What is the tens digit of k(6)?
1
Let v(y) be the third derivative of y**4/12 + 16*y**3/3 + 9*y**2. What is the units digit of v(0)?
2
Suppose -v + 87 = -3*c, -5*v + 2*c + 338 = -v. What is the units digit of v?
4
Let s(q) = -q**3 - 6*q**2 - 7*q - 4. Let c = -2 + -3. What is the units digit of s(c)?
6
Let s = -39 - -78. What is the tens digit of s?
3
Suppose 0 = 3*h - 50 + 176. What is the units digit of 6/(-15) + h/(-5)?
8
Suppose -2*h - 7*h = -477. What is the units digit of h?
3
What is the units digit of (-236 - (-12)/3)*12/(-8)?
8
Let f = 198 - 118. Suppose 0 = 5*p + 4*q + f, -95 = 5*p + 2*q - q. Let u = 34 + p. What is the units digit of u?
4
Suppose -663 - 363 = -3*q. Suppose 3*n - 285 = -h - 3*h, -q = -5*h + n. Suppose 4*t - h = -13. What is the tens digit of t?
1
Suppose -2*k - 33 = -z, -52 = 5*z - 2*k - 217. What is the units digit of z?
3
Let l(q) = -3*q + 1. Let s(j) = -3*j + 2. Let w(d) = 2*l(d) - 3*s(d). What is the units digit of w(4)?
8
Suppose -3*h - 5 = -5*l + 7, 12 = 3*l + 3*h. Suppose -l*t = -4*q + 15, 7*t - 2*t = 2*q + 3. What is the units digit of q?
6
Let i be -8*(2/(-4) + 0). Suppose -4*n + 56 = -i*g, 4*g - 11 = -2*n + 23. Suppose -3*k + 6 + n = 0. What is the units digit of k?
7
Let r(j) = -j**2 - 4*j + 2. Let p be r(-3). Let t(l) be the first derivative of l**4/4 - 4*l**3/3 - 3*l**2/2 - l - 3. What is the units digit of t(p)?
9
Let n(o) = -o**2 - 10*o - 6. What is the units digit of n(-4)?
8
Let y be (0 - -2)/(2/14). Suppose -4*u + 4 = -16. Suppose -u*g + 1 = -y. What is the units digit of g?
3
Suppose -24 - 36 = -2*i. What is the tens digit of i?
3
Let u = -482 + 859. What is the hundreds digit of u?
3
Suppose 3*z + 0*z - 4*q - 160 = 0, -z + 3*q + 45 = 0. What is the tens digit of z?
6
Let u = -4 - -7. Let o(t) = -t**2 + 3*t - 4. Let g be o(4). What is the units digit of (28/g)/(u/(-6))?
7
Let w = 246 - 102. What is the units digit of w?
4
Let q(o) = o**2 + 5*o - 3. Let h(w) = 4*w**2 + 21*w - 13. Let n = -9 - 0. Let j(l) = n*q(l) + 2*h(l). What is the units digit of j(-3)?
1
Let h(a) = -a**3 - 5*a**2 - a - 1. Let x be h(-4). What is the units digit of -4*2*(-18 - x)?
0
Let s = 14 - 8. What is the tens digit of (0 - 45/s)*-4?
3
Let p(g) = g - 1. Let d be 2/4 + (-9)/(-2). Let l be p(d). Suppose 3*k + 5*s - 43 = 1, 8 = 3*k - l*s. What is the units digit of k?
8
Let c = -13 + 28. Suppose 5*t - 7 + 21 = -f, f = -4*t - c. What is the units digit of 2/4 - f/2?
0
Suppose 84 = -2*s + 6*s + 4*p, 5*p - 59 = -3*s. What is the tens digit of s?
2
Suppose 15 = 4*q - 0*j - j, 4*j - 16 = -3*q. Let u = 5 - q. What is the units digit of u?
1
Suppose 5 = 2*d - 5. Let x = -9 + 5. Let i = d + x. What is the units digit of i?
1